at is -7a (base 13) in base 11?
-92
-1 (base 2) to base 16
-1
a2 (base 12) to base 3
11112
-1123 (base 6) to base 15
-12c
What is 222 (base 5) in base 12?
52
What is 3 (base 13) in base 11?
3
What is -102 (base 3) in base 14?
-b
Convert d2 (base 15) to base 12.
145
Convert 1211 (base 4) to base 16.
65
-4 (base 6) to base 13
-4
24 (base 10) to base 16
18
-3 (base 8) to base 5
-3
What is -2 (base 8) in base 15?
-2
Convert 3 (base 5) to base 10.
3
-5 (base 6) to base 11
-5
-3 (base 14) to base 6
-3
Convert -10 (base 6) to base 8.
-6
What is 1 (base 9) in base 7?
1
123 (base 9) to base 7
204
What is -8e (base 15) in base 12?
-b2
What is -1 (base 12) in base 6?
-1
What is -2f (base 16) in base 13?
-38
Convert -4 (base 11) to base 16.
-4
Convert 1030 (base 5) to base 11.
118
What is 1013 (base 5) in base 6?
341
What is -2 (base 10) in base 16?
-2
2230 (base 4) to base 5
1142
Convert 1 (base 12) to base 15.
1
-13 (base 5) to base 15
-8
18 (base 9) to base 8
21
Convert -22 (base 3) to base 14.
-8
Convert -2 (base 12) to base 5.
-2
What is 124 (base 10) in base 9?
147
0 (base 4) to base 10
0
What is 9 (base 15) in base 14?
9
What is 3 (base 8) in base 10?
3
Convert 46 (base 7) to base 12.
2a
What is -3 (base 6) in base 4?
-3
-1 (base 12) to base 6
-1
What is 3 (base 11) in base 9?
3
-3 (base 10) to base 12
-3
-5 (base 6) to base 12
-5
Convert -5 (base 7) to base 3.
-12
Convert 7 (base 11) to base 14.
7
Convert -11 (base 3) to base 4.
-10
364 (base 7) to base 6
521
What is -51 (base 14) in base 2?
-1000111
What is -22 (base 10) in base 11?
-20
What is 101012 (base 3) in base 14?
159
1a (base 15) to base 11
23
What is 2 (base 8) in base 12?
2
What is -232 (base 11) in base 4?
-10111
Convert -48 (base 11) to base 8.
-64
What is 65 (base 13) in base 10?
83
Convert -32 (base 12) to base 5.
-123
Convert 242 (base 6) to base 10.
98
Convert 8 (base 9) to base 2.
1000
What is 5 (base 9) in base 3?
12
Convert -1101 (base 2) to base 13.
-10
Convert 2 (base 15) to base 8.
2
Convert 20122 (base 3) to base 2.
10110011
114 (base 16) to base 9
336
What is -65 (base 12) in base 3?
-2212
Convert 3 (base 12) to base 7.
3
What is 3 (base 15) in base 12?
3
What is -2 (base 3) in base 15?
-2
Convert 131 (base 5) to base 12.
35
-3 (base 16) to base 10
-3
What is -4 (base 15) in base 11?
-4
Convert -110 (base 3) to base 16.
-c
Convert -14 (base 9) to base 11.
-12
-31 (base 4) to base 5
-23
Convert -9 (base 11) to base 15.
-9
105 (base 12) to base 10
149
What is -42 (base 7) in base 13?
-24
78 (base 14) to base 8
152
What is 7b (base 16) in base 13?
96
20 (base 10) to base 16
14
Convert 1 (base 14) to base 4.
1
Convert -2112 (base 3) to base 11.
-62
Convert -2 (base 10) to base 4.
-2
Convert 2 (base 4) to base 13.
2
Convert 4 (base 9) to base 15.
4
What is 5 (base 16) in base 5?
10
Convert 17 (base 13) to base 4.
110
a1 (base 16) to base 8
241
-8 (base 12) to base 9
-8
What is 29 (base 11) in base 7?
43
0 (base 14) to base 15
0
Convert -4 (base 9) to base 10.
-4
-a (base 12) to base 10
-10
99 (base 12) to base 8
165
What is -4a (base 13) in base 16?
-3e
10001 (base 2) to base 3
122
2 (base 7) to base 16
2
2 (base 8) to base 5
2
Convert -11 (base 10) to base 7.
-14
What is -4 (base 5) in base 3?
-11
-3 (base 9) to base 14
-3
What is -4 (base 9) in base 8?
-4
10 (base 11) to base 12
b
What is -1 (base 7) in base 2?
-1
What is 10 (base 8) in base 3?
22
Convert 34 (base 10) to base 15.
24
11 (base 12) to base 10
13
0 (base 8) to base 12
0
Convert -22 (base 10) to base 15.
-17
What is -52 (base 16) in base 6?
-214
What is 33 (base 11) in base 2?
100100
-33 (base 9) to base 13
-24
Convert 3 (base 5) to base 6.
3
What is a4 (base 12) in base 5?
444
35 (base 8) to base 11
27
What is -2 (base 14) in base 6?
-2
What is 21 (base 7) in base 13?
12
Convert 231 (base 6) to base 16.
5b
Convert 110100 (base 2) to base 7.
103
Convert 1 (base 6) to base 11.
1
Convert -3 (base 14) to base 13.
-3
What is -17 (base 10) in base 2?
-10001
-5 (base 8) to base 14
-5
Convert 13 (base 4) to base 12.
7
-37 (base 10) to base 9
-41
What is -5 (base 15) in base 11?
-5
Convert 1 (base 10) to base 5.
1
Convert -228 (base 10) to base 7.
-444
Convert 14 (base 7) to base 12.
b
Convert 37 (base 9) to base 15.
24
Convert -1 (base 5) to base 10.
-1
Convert -1 (base 4) to base 6.
-1
What is -104 (base 10) in base 7?
-206
What is 7 (base 9) in base 16?
7
Convert 222 (base 3) to base 15.
1b
-14 (base 9) to base 12
-11
What is -1 (base 10) in base 5?
-1
c6 (base 13) to base 15
ac
What is 1111 (base 3) in base 13?
31
What is c (base 15) in base 9?
13
Convert 3 (base 10) to base 4.
3
1 (base 14) to base 11
1
10 (base 4) to base 3
11
Convert 2 (base 16) to base 13.
2
11 (base 9) to base 14
a
-3c (base 16) to base 13
-48
What is 5 (base 8) in base 7?
5
Convert -4 (base 9) to base 14.
-4
What is 11 (base 3) in base 6?
4
Convert -b (base 14) to base 3.
-102
What is -2 (base 12) in base 4?
-2
What is -14 (base 6) in base 16?
-a
-82 (base 11) to base 3
-10100
What is -7 (base 16) in base 7?
-10
-1000111 (base 2) to base 13
-56
Convert -150 (base 8) to base 12.
-88
-12 (base 7) to base 4
-21
What is 0 (base 15) in base 2?
0
-4 (base 8) to base 9
-4
What is 1004 (base 5) in base 8?
201
8b (base 12) to base 7
212
11 (base 5) to base 9
6
52 (base 12) to base 16
3e
Convert -4 (base 14) to base 4.
-10
What is 3 (base 14) in base 7?
3
What is -113 (base 4) in base 16?
-17
75 (base 12) to base 10
89
What is -10 (base 5) in base 7?
-5
-1000100 (base 2) to base 9
-75
What is 13 (base 12) in base 7?
21
Convert 12 (base 7) to base 11.
9
What is -d (base 15) in base 13?
-10
What is -1 (base 11) in base 9?
-1
What is -2 (base 8) in base 16?
-2
What is -11 (base 4) in base 12?
-5
What is -1 (base 9) in base 2?
-1
18 (base 12) to base 7
26
What is -13 (base 12) in base 15?
-10
Convert -511 (base 6) to base 2.
-10111011
Convert 2 (base 6) to base 2.
10
What is 31 (base 13) in base 16?
28
What is 0 (base 9) in base 11?
0
Convert -24 (base 8) to base 2.
-10100
What is 102 (base 4) in base 5?
33
41 (base 11) to base 16
2d
a3 (base 12) to base 8
173
Convert -3 (base 16) to base 9.
-3
Convert 2b (base 13) to base 3.
1101
21 (base 4) to base 8
11
Convert 5 (base 16) to base 12.
5
-11 (base 10) to base 6
-15
-20 (base 5) to base 6
-14
What is 24 (base 10) in base 2?
11000
Convert 225 (base 7) to base 12.
99
What is -105 (base 8) in base 6?
-153
Convert -215 (base 8) to base 4.
-2031
Convert -6a (base 12) to base 9.
-101
Convert 29 (base 12) to base 11.
30
Convert 4 (base 6) to base 7.
4
Convert -3 (base 10) to base 13.
-3
0 (base 7) to base 8
0
3a (base 13) to base 7
100
-54 (base 9) to base 2
-110001
-11021 (base 3) to base 16
-73
What is -432 (base 6) in base 15?
-ae
Convert -5 (base 10) to base 3.
-12
Convert -313 (base 4) to base 12.
-47
What is 7 (base 8) in base 11?
7
What is -1 (base 15) in base 12?
-1
What is 341 (base 5) in base 12?
80
What is -16 (base 8) in base 16?
-e
What is 2 (base 15) in base 3?
2
0 (base 15) to base 4
0
What is -131 (base 4) in base 11?
-27
Convert -19 (base 15) to base 9.
-26
Convert 1 (base 15) to base 6.
1
Convert -111 (base 2) to base 13.
-7
Convert 33 (base 6) to base 8.
25
4 (base 7) to base 5
4
-7c (base 14) to base 8
-156
31 (base 9) to base 3
1001
What is 13 (base 13) in base 10?
16
What is 2b (base 16) in base 9?
47
Convert -10 (base 16) to base 2.
-10000
Convert 111 (base 2) to base 12.
7
-23 (base 4) to base 16
-b
-29 (base 16) to base 6
-105
Convert -325 (base 7) to base 11.
-141
What is -17 (base 9) in base 10?
-16
What is -22 (base 3) in base 9?
-8
What is 23 (base 8) in base 12?
17
-17 (base 12) to base 13
-16
310 (base 4) to base 6
124
164 (base 8) to base 15
7b
7 (base 10) to base 13
7
-133 (base 6) to base 14
-41
-5a (base 11) to base 4
-1001
Convert 4 (base 5) to base 9.
4
124 (base 5) to base 12
33
What is 5 (base 14) in base 10?
5
Convert -3 (base 8) to base 7.
-3
What is 108 (base 13) in base 11?
151
What is -2132 (base 4) in base 5?
-1113
8 (base 16) to base 5
13
What is 13 (base 7) in base 14?
a
What is -a0 (base 13) in base 16?
-82
Convert -6 (base 7) to base 5.
-11
What is -21 (base 16) in base 12?
-29
Convert -312 (base 4) to base 7.
-105
-26 (base 13) to base 12
-28
What is 11333 (bas